1
Let h be -2*(-1)/((-2)/67). Let v = -44 - h. Let q = v + -9. Calculate the greatest common factor of 7 and q.
7
Suppose -102 = -17*i + 16*i - 2*g, g = -i + 100. Calculate the greatest common factor of i and 42.
14
Suppose -9 + 42 = 3*s. Suppose -s*n + 175 = -89. What is the highest common divisor of n and 6?
6
Let h(d) be the second derivative of 17/12*d**4 - 3*d + 0*d**2 + 0 - 2/3*d**3. Let i be h(-3). What is the highest common divisor of 15 and i?
15
Let k(l) = -132*l + 1101. Let c be k(8). Let r = 1 - -92. Suppose -r = -5*s - 3*n, 2*s - 2 - 32 = 2*n. What is the highest common factor of c and s?
9
Let i be 2/(-2) - (2 + -25). Calculate the greatest common factor of i and 99.
11
Suppose 5*z = -0*z - 2*y + 125, 2*z + 2*y = 50. Let q = -5703 + 5708. Calculate the greatest common factor of q and z.
5
Suppose -5*g + 4*p = -10, -2*p = -5*g - 7*p + 10. Let m = g - 0. Suppose 2*x = 2*j - 76, m*x + 36 = -0*j + j. Calculate the highest common factor of j and 20.
20
Let s(y) = y**2 + 5*y - 6. Let r be s(8). Let o = 4403 + -4375. Calculate the highest common divisor of r and o.
14
Let t = -29 + 47. Suppose -91 = 2*w + o, 0 = 3*w - 7*w + 3*o - 157. Let s = 61 + w. Calculate the highest common divisor of s and t.
18
Suppose 5*s - 36 = 44. Calculate the greatest common divisor of 544 and s.
16
Suppose -2*o = -3*a - 158, -o - 2*o - 4*a = -203. Suppose z + 18 = o. Suppose 0*t + 4*t - 88 = 0. What is the greatest common divisor of t and z?
11
Let n(z) = 23*z**2 - 157*z - 16. Let v be n(7). What is the highest common divisor of 21 and v?
3
Let i(d) = -18*d - 4. Let x be i(-2). Let w(u) = -3*u - 6. Let z be w(-7). Suppose -4*r + z = -1. Calculate the highest common factor of x and r.
4
Let g(b) = -b**3 - 19*b**2 - b - 16. Let k be g(-19). Calculate the highest common factor of k and 16.
1
Suppose 3*t = 4*r + 4*t - 4, 6 = -5*r - 4*t. Suppose 0 = 4*i + 5*l - 185, -4*i + r*i + 85 = l. What is the highest common divisor of i and 80?
40
Suppose -690 = 8*c - 954. What is the highest common divisor of 27 and c?
3
Let j be (36/(-20))/(108/(-9360)). Calculate the greatest common factor of j and 336.
12
Let r be (-4 + 4)/(-2 + 4). Suppose r = b - 10 - 5. Let z(l) = l**3 + 8*l**2 - l - 3. Let f be z(-6). What is the highest common factor of f and b?
15
Let v = -24 - -40. Calculate the highest common divisor of v and 44.
4
Let a be 21/28*1 + 13/4. Calculate the highest common factor of a and 22.
2
Let h(m) = -3*m**2 + 5*m + 2. Let s be h(2). Suppose l + 33 = 3*a - s*a, 54 = -2*l + 3*a. Let k = l + 35. What is the highest common divisor of 112 and k?
14
Let k be -6 + (5 + -8 - -16). Calculate the greatest common divisor of 63 and k.
7
Let s be 1/((-68)/(-620)) - (-6)/(-51). What is the greatest common divisor of 225 and s?
9
Let v be ((-640)/(-120))/((-4)/(-342)). What is the greatest common divisor of v and 24?
24
Let y = -45 + -2. Let x be 3*5/15 - y. What is the greatest common factor of x and 32?
16
Let k = -276 - -287. What is the greatest common divisor of k and 44?
11
Let c = -7008 - -7064. Suppose 4*j + 4 = 0, 17 = 3*h - 3*j + 7*j. What is the highest common factor of c and h?
7
Suppose 0 = -4*z + 6 + 2. Suppose z*f = -2*h - 2*h + 790, 5*h - 989 = -f. Suppose 12*w - 208 = 56. What is the highest common divisor of h and w?
22
Suppose n = 9*n + 120. Let o = 37 + n. What is the greatest common divisor of o and 55?
11
Let d = 599 - 354. Suppose 3*y - 35 = -3*k + 214, 0 = -3*k + y + d. Calculate the highest common divisor of 205 and k.
41
Let f(x) = -4*x + 12. Let n be f(-6). Calculate the greatest common divisor of n and 84.
12
Suppose 2*z - 11 - 1 = 2*g, -5*z = -3*g - 12. Let r be (33/g)/(5/(-15)). What is the highest common factor of 99 and r?
11
Suppose 731 = 5*z - 1469. Let v be (-4)/14 + z/(-77). Let b be (6 - v) + -2*2. What is the greatest common factor of b and 88?
8
Let i be (-14 + 22)*(0 - -1). What is the highest common divisor of 8 and i?
8
Let o(z) = z + 60. Let a be o(52). Calculate the greatest common divisor of a and 7.
7
Suppose 0 = -p - r + 100, 171 = 3*p - 5*r - 121. Let d = 1 - -8. Let k be (-3 - (-24)/d)*-27. Calculate the greatest common factor of k and p.
9
Let t = 104 - 49. Let j be (44/20)/((-2)/(-20)). What is the greatest common divisor of t and j?
11
Suppose 3*r - 56 = -3*v + 295, 0 = 8*v - 2*r - 886. Let n = 17 - 3. What is the greatest common factor of n and v?
14
Let m = 21 + -43. Let l = m - -25. Let j be -80*l/((-24)/22). What is the highest common divisor of 20 and j?
20
Suppose 84 - 236 = -3*p - 4*m, 0 = -4*p - 3*m + 198. Suppose -3*j = -p - 417. Calculate the greatest common factor of j and 31.
31
Suppose 0 = -0*q - 3*q - r - 54, 90 = -5*q + 3*r. Let u = q + 66. Calculate the greatest common factor of u and 24.
24
Let g be 3 + (-6 + -9)*-1. What is the highest common divisor of 9 and g?
9
Let n(x) = -x**3 + x**2 + 3*x - 3. Let d be n(2). Let g be 25 + 2 + 0/d. What is the greatest common divisor of 27 and g?
27
Let p(l) = l**3 - 5*l**2 - 5*l. Let f be p(6). Let j be (0 - (-8)/f)*(-81)/(-6). What is the greatest common divisor of 12 and j?
6
Let x(s) = 2*s + 1. Let n(t) = -16*t - 2. Let c(z) = 4*n(z) - 12*x(z). Let h be c(-2). Calculate the highest common divisor of h and 12.
12
Suppose -38*p + 2863 + 1887 = 0. What is the greatest common divisor of p and 1375?
125
Let f be 1 + 0 + -2 - -1. Suppose r - 4*w = 2*r - 110, 5*r + w - 626 = f. Calculate the greatest common divisor of 18 and r.
18
Let t(u) = -u**2 - 8*u - 10. Let d be t(-4). Let w(a) = d + a + a - 3 - a. Let r be w(3). Calculate the highest common factor of r and 66.
6
Let f(r) = -2*r + 39. Let k be f(16). Suppose 8*o = k*o + 99. Suppose b - 2*v - 11 = 0, 2*v = 4*v. Calculate the greatest common factor of b and o.
11
Let z be -4 - -1*(2 + -2). Let t = z + 5. Suppose -5*n + 3*n + 3*s = -8, -20 = -4*n + 4*s. What is the highest common divisor of t and n?
1
Let l = -40 - -44. Let s be 8/l + 34 - 0. Suppose 2*w - 3*w = -54. Calculate the highest common divisor of s and w.
18
Let w = -1 + -1. Let s be (-13592)/(-68) - w/17. What is the highest common divisor of s and 20?
20
Let a be (-168)/(-18)*(9/2)/3. Calculate the greatest common divisor of 42 and a.
14
Suppose 5*s - 819 = 1. What is the greatest common factor of 369 and s?
41
Suppose -2*w + 129 = 3*q, 0 = -5*w - q - q + 306. Let u = -93 - -123. Calculate the highest common factor of u and w.
30
Suppose -3*v - 15 = -6*v, 4*v - 28 = -4*h. Suppose -4*x = 2*i + h*i - 84, 5*i - 99 = x. What is the highest common factor of i and 8?
4
Let m be 2*15/(-10) + 3. Suppose m = 2*n - 1 - 15. Suppose -4*j = -5*r - 281, -3*r - 25 = -10. What is the greatest common factor of j and n?
8
Let v(u) = -u**2 - 12*u - 5. Let p be v(-5). Suppose -2*o + 14 = 2. Let w be (o/7)/((-8)/(-56)). What is the highest common factor of p and w?
6
Let r = 423 + 676. Calculate the highest common divisor of 14 and r.
7
Let r = 1926 + -1891. What is the highest common divisor of r and 56?
7
Let j be 71 + 0 + (13 - 12). What is the greatest common divisor of j and 120?
24
Let r(w) = w**2 - 4*w. Let g be r(5). Let d be -1 - (g - 1 - 11). Calculate the greatest common factor of 12 and d.
6
Suppose -5*l - 69 = -3*n, -2*n - l + 115 = 2*n. Suppose -n = -3*z + 20. What is the greatest common factor of 2 and z?
2
Suppose 3*h - 29 = -4*r, 5*r - 33 + 8 = 0. Suppose 0 = -h*m - m + 100. Let w = -13 + m. Calculate the highest common factor of w and 12.
12
Let d be -1*(-1 + (3 - 2)). Suppose 5*c + d*w = -2*w + 128, -4*w = 5*c - 126. Calculate the highest common factor of 52 and c.
26
Let j = 177 + -169. Calculate the greatest common factor of j and 4.
4
Suppose 0 = -4*u + 5*y + 135, 3*y = 4*u - 5*u + 21. Calculate the highest common divisor of 70 and u.
10
Suppose -23 = -4*i + 49. Calculate the highest common factor of i and 24.
6
Suppose 0*p + 4*d - 684 = -4*p, -d + 681 = 4*p. Suppose -4*r + r + p = -4*g, -2*g = 10. What is the greatest common factor of r and 125?
25
Let z = 2 + -1. Suppose 3*w + 7 = 4*x, -9 + 0 = -4*x + 5*w. Let j be 8/(x + -4 + 4). Calculate the highest common divisor of z and j.
1
Let c be -2 + 820/14 + (-144)/252. Calculate the greatest common factor of c and 616.
56
Let r(t) = 25*t. Let d be r(5). Let n be 4/18 - d/(-45). Suppose -3*w = -n*q + 126